7/1 + -1 - 1 is divided by d.
7
Let n = -54 + 97. Suppose 5*c = -0*q - 2*q + 67, -n = -3*c - 4*q. Let k = c + -2. Calculate the remainder when k is divided by 4.
3
Let n be 1/(-4) + (-15)/4. Let q(m) = -3*m - 3. Calculate the remainder when 104/6 + 3/(-9) is divided by q(n).
8
Suppose 0 = 2*b - 3*b + 28. Calculate the remainder when 110 is divided by b.
26
What is the remainder when (-460)/8*6/(-5) is divided by 9?
6
Calculate the remainder when 32 is divided by (8/20)/1 - 315/(-25).
6
Suppose 5*c + 2*j - 269 = 31, -4*j = 4*c - 228. What is the remainder when c is divided by 16?
14
Suppose -10 = -y + 2. Suppose 2*t = -2*t + y. Calculate the remainder when ((-24)/(-18))/(2/12) is divided by t.
2
Suppose -f - 8 = -4*g, g = 4*f + 21 - 4. Suppose -19 = -2*o + g. Calculate the remainder when 53/3 + 2/6 is divided by o.
8
Suppose -10 = -3*l - 1. Calculate the remainder when ((-12)/(-16))/((-3)/(-36)) is divided by l.
0
What is the remainder when 57 is divided by (-10)/(-60) - 358/(-12)?
27
Let m(s) = s**3 + 5*s**2 + s + 5. Let n be m(-5). Let u = n - -3. Suppose -u*c - 20 = -5*c. Calculate the remainder when c is divided by 6.
4
Let w(d) = -d**2 + 13*d - 30. Calculate the remainder when (-4)/10 + (-107)/(-5) is divided by w(4).
3
Suppose -1 = -5*w + 14. Suppose w*h + 95 = 8*h. What is the remainder when 37 is divided by h?
18
Let n be 24/(-2)*2/(-2). Suppose 7*c - 36 = 2*c - 4*f, n = 2*c + 4*f. Calculate the remainder when 118/c + 9/(-12) is divided by 8.
6
Let o(h) = -h**2 + 6*h + 5. Let q be o(6). Suppose -50 = -q*s - 0. What is the remainder when 0/(0 - 1) + 17 is divided by s?
7
Let d be (3/(-1))/(-3)*0. Suppose d = -5*q - q + 78. What is the remainder when 37 is divided by q?
11
Suppose -25 + 0 = -5*r, -275 = -5*u - 5*r. Let d(v) = -v**2 + 6*v - 5. Let f be d(5). Suppose 3*s - 53 + 2 = f. Calculate the remainder when u is divided by s.
16
Let b be (-1)/(1 - (-1 - -3)). Let c = -13 + 16. Suppose -5*u = -b + 6, 0 = -i + c*u + 16. What is the remainder when i is divided by 4?
1
Suppose 4*l - o + 5*o + 48 = 0, l + 5*o + 24 = 0. Let w = l - -40. Calculate the remainder when w is divided by 16.
15
Let m(g) = 56*g**3 - g - 1. Let s be m(-1). Let q = 142 + s. Suppose 0 = 4*i - q - 106. Calculate the remainder when i is divided by 17.
14
Calculate the remainder when (2/(-3))/(2/(-114)) is divided by 21.
17
Let c = 29 + 101. Suppose -2*t + 4*t = c. Suppose -k + 6*k = t. What is the remainder when k is divided by 7?
6
Let f = 203 + -104. Calculate the remainder when f is divided by 25.
24
Let u = -23 + 147. What is the remainder when u is divided by 21?
19
Let t = -72 + 91. Calculate the remainder when 63 is divided by t.
6
Let t = 41 - 28. What is the remainder when t is divided by 4?
1
Suppose 2*m - 4 = 6. Suppose -2*v = m*s - 67, 4*v = -4*s + 18 + 38. Calculate the remainder when 24 is divided by s.
11
Let c(z) = 4*z**2 - z + 1. Let r(o) = o**2 - 9*o - 3. Let h be r(8). Let j = -5 - h. What is the remainder when j is divided by c(1)?
2
Let s be 0/(1 - 2/(-2)). Let h be 89/2 - 2/(-4). Suppose m - 4*m + h = s. What is the remainder when 29 is divided by m?
14
Let n = 83 + -80. Calculate the remainder when 7 is divided by n.
1
What is the remainder when 4 is divided by (-12)/(-9)*(-3)/(-2)?
0
Suppose -3*u = 5*p + 2*u - 100, 5*u - 46 = -2*p. Suppose q - 217 + 53 = -5*b, -4*b + 5*q + 137 = 0. What is the remainder when b is divided by p?
15
Let z = 10 - 16. Let c = z + 7. Calculate the remainder when 2 is divided by c.
0
Let b(v) = v**3 - 2*v**2 + v - 1. Let z be ((-2)/(-5))/((-1)/(-5)). Let u = z - 0. What is the remainder when 2 is divided by b(u)?
0
Let s(u) = u**3 + 7*u**2 - 6*u - 10. Suppose -76 + 153 = 7*g. What is the remainder when s(-7) is divided by g?
10
Let x(v) = v**3 + 5*v**2 - 3*v - 6. Suppose 4*t - r - 67 = 0, -2*t + t = 3*r - 20. What is the remainder when t is divided by x(-5)?
8
Suppose 4*v = 4*k + 76, 2*v = -4*k - 55 - 51. Let x = k + 42. Calculate the remainder when 70 is divided by x.
16
Let h(r) = -3*r**3 + r**2 - r. Suppose -5*b + 4*d + 100 = 0, b + 5*d + 3 = -6. Calculate the remainder when h(-2) is divided by b.
14
Let b be ((-2)/(-4))/(5/30). Suppose 8*h = b*h + 45. Calculate the remainder when 42 is divided by h.
6
Let g(l) = l**3 + 5*l**2 + 2*l - 4. Let k be g(-4). Suppose -2*y - 2*u + 18 = 0, -2*u + k = -y - 2. What is the remainder when 15 is divided by y?
3
Let v(a) = -a**3 + 6*a**2 + 9*a - 2. Suppose -2*r - 35 = -3*r. What is the remainder when r is divided by v(7)?
11
Suppose -5 = -2*y + 3. Calculate the remainder when ((-5)/15)/((-2)/36) is divided by y.
2
Let q(b) = 0*b + 4 + b**2 + 6*b**2 + 4*b. Let f = 320 + -301. Calculate the remainder when q(-3) is divided by f.
17
Let w(m) = m**2 - 2*m**2 - 3 - 8*m - 4. Calculate the remainder when ((-308)/49)/((-4)/14) is divided by w(-5).
6
Let g(k) = k**2 - 5*k + 7. What is the remainder when g(6) is divided by 5?
3
Suppose -o + 3*s + 20 = -1, -s + 45 = 4*o. Let r(p) = 2*p**2 + 30*p + 35. Calculate the remainder when r(-15) is divided by o.
11
Let d(a) = -69*a**2 + 2*a + 1. Let x be d(-2). Let m = -6 + 22. What is the remainder when x/(-6)*4/6 is divided by m?
15
Suppose 0 = -3*h + 5*s + 596, h + s - 146 - 42 = 0. Suppose -2*k + h = k. What is the remainder when k is divided by 13?
12
Let v be ((-1)/(-3))/((-5)/(-15)). What is the remainder when (0 + v)/(2/194) is divided by 25?
22
Let c be (4 - 7)/(3/(-36)). Suppose 2*r - c - 72 = 0. Calculate the remainder when r is divided by 11.
10
Suppose -b + 2 = -3. Let w = 91 + -59. Suppose 5*x + s - 66 = 0, 2*s + w = 5*x - 46. Calculate the remainder when x is divided by b.
4
Let y be -4 + 2 + 0 + -4. Calculate the remainder when (-21)/y + (-3)/6 is divided by 2.
1
Suppose -38 = 3*x - 4*a, -5*x = 3*a - 0*a + 44. Let k = -95 + 93. What is the remainder when (0 + 3)/(k/x) is divided by 8?
7
Calculate the remainder when 21 is divided by (90/(-2))/(-3) - 4.
10
Let y = 0 + 3. Suppose 2*d = y*d. Suppose d = -5*i + 3*t + t + 71, -4*t - 26 = -2*i. Calculate the remainder when 28 is divided by i.
13
Let w(x) be the first derivative of -x**3/3 - 5*x**2/2 + 2*x - 3. Let m be w(-5). Let f = 2 + m. What is the remainder when f is divided by 3?
1
Suppose -13*t + 446 = 160. Let a = 4 + -2. Suppose 0*q = -3*r - a*q + 26, -5*q + 44 = 4*r. Calculate the remainder when t is divided by r.
4
Let b(s) = -s**3 + s**2 + s + 3. Let z be b(0). Let m(c) = c**2 + c**3 + 20*c - 20*c - 2. What is the remainder when m(z) is divided by 12?
10
Suppose 9 = -v + 4*p, -16 - 1 = -3*v + p. Calculate the remainder when 18 is divided by v.
4
Let q(x) = x**2 - 6*x + 6. What is the remainder when 44 is divided by q(7)?
5
What is the remainder when 45 - -2 - (5 + -8) is divided by 13?
11
Suppose 0 = 5*t - 63 - 122. Calculate the remainder when t is divided by 21 + (-1)/((-1)/(-2)).
18
Let f(i) = -i + 4. What is the remainder when 18 is divided by f(-3)?
4
Let c(v) = v**3 - v**2 + 23. Calculate the remainder when c(0) is divided by (-70)/21*2/(-10)*9.
5
Let q(u) = 400*u**2 - 1. Let a be q(-1). Suppose -135 = 4*t - a. Calculate the remainder when t is divided by 23.
20
Suppose 4*c = 3*c + 20. Let r = -12 + c. Let f(h) = -h**3 + 9*h**2 - 6*h - 3. What is the remainder when f(r) is divided by 5?
3
Let x = -3 + 5. Suppose -3*d + c = -59, 0 = x*d - 7*c + 2*c - 61. What is the remainder when d is divided by 10?
8
Let u = -86 + 94. What is the remainder when 20 is divided by u?
4
Let n(q) = -q - 1. Let v be n(-9). Suppose a - v = -3*a. Calculate the remainder when a is divided by 1.
0
Let p(j) = j**2 - j - 5. Calculate the remainder when p(4) is divided by (10/5)/((-1)/(-4)*2).
3
Let x(z) = z + 5. Let q be x(-5). Suppose 3*u + q*u = -48. Let j = u + 28. What is the remainder when j is divided by 7?
5
Let z be -2 + 4 - (-1 + -1). Let i(x) = 7 - 2 - z + 8*x. What is the remainder when 25 is divided by i(1)?
7
What is the remainder when 71 is divided by 994/84 - (5/(-6))/5?
11
Let u = -3 - -6. Suppose 5*f = -12 + 42. Calculate the remainder when f is divided by u.
0
Let c = 59 - 41. Suppose 5*p + 3*r = 10, -3*p + 25 = -3*r + r. Suppose -p - 5 = -w. What is the remainder when c is divided by w?
8
Suppose 2 = 17*s - 16*s. Calculate the remainder when 6 is divided by s.
0
Let r(k) = k**3 